d by 182.
81
Let s be ((-8)/(-6))/(2/9). Let k(i) = -i + 4. Let h be k(s). Let r = h - -165. What is the remainder when r is divided by 41?
40
Calculate the remainder when 478 is divided by (-4)/((-48)/(-9)) - 10268/(-272).
34
Suppose x = 9 - 3. Suppose -5*r = p - 22, 6 = -3*p - r + 4*r. Suppose 6 = -4*f - 3*l + p, f + 4*l + 14 = 0. Calculate the remainder when x is divided by f.
0
Let h = -35250 + 38390. What is the remainder when h is divided by 3129?
11
Suppose 60*f - 3356 = 332464. Calculate the remainder when f is divided by 10.
7
Let b be 2/4 + 436/(-8). Suppose 2*i - 865 = -10*r - 3*i, 2*r - 5*i - 203 = 0. What is the remainder when r is divided by ((-4)/(-3))/((-4)/b)?
17
Suppose -87*d + 172 = -89. Let u(i) = i**3 + 6*i - 21. Let h(x) = 3*x - 10. Let z(b) = -5*h(b) + 2*u(b). What is the remainder when z(d) is divided by 8?
5
Calculate the remainder when 8/((-192)/6078)*4/(-1) is divided by 52.
25
Let z(f) = -f**3 + 36*f**2 + 258*f - 77. What is the remainder when 1399 is divided by z(42)?
174
Suppose 2*q - 482 + 164 = r, -3*q + r = -477. Calculate the remainder when q is divided by 70.
19
Suppose 16 = -5*s + 146. Suppose -2*i - 40 = 5*y, y + 32 = -4*i + 3*y. Let o(v) = -11*v - 101. Calculate the remainder when s is divided by o(i).
8
Suppose 4 = -3*q + 5*q. Suppose 3*p + q = 4*p. Suppose p*m - 6 = 6. What is the remainder when 15 is divided by m?
3
Let w(c) = -117*c - 2566. Suppose 0 = -4*a + 4 + 4. Suppose 88 + a = 5*l. What is the remainder when l is divided by w(-22)?
2
Let m(b) = -b**2 - 41*b - 139. What is the remainder when 95 is divided by m(-37)?
5
Let q(b) = 69*b + 770. Calculate the remainder when 507 is divided by q(-9).
60
Suppose 11*w + 104 - 478 = -11*w. What is the remainder when 510/8 - 1/(-4) is divided by w?
13
Suppose 46*u = -637*u + 79*u + 7103040. Calculate the remainder when u is divided by 9.
6
Suppose -20 = -21*u + 17*u. Suppose u*r - 173 = -l - 0*l, 167 = 5*r + 4*l. Calculate the remainder when r is divided by 19.
16
Suppose -44*g + 3113 - 240 = -1923. Calculate the remainder when g is divided by 19.
14
Let f be (2 + (-68)/(-3))*6. Suppose 182 = -5*y - 0*p - p, -4*y - f = 2*p. Let x = y + 129. What is the remainder when x is divided by 19?
17
Suppose -2941 = -24*x + 251. Let t = 138 - x. What is the remainder when 59 is divided by t?
4
Suppose -g = -2*w + 140, 3*w - 206 = 4*g - 1. Suppose -o + 49 = -2*v + 18, 22 = o - 5*v. What is the remainder when w is divided by o?
34
Suppose 222 = 12*s - 102. Calculate the remainder when 127 is divided by s.
19
Suppose 4*d + 5 = -5*u, 2*u + 4*d - 8 + 22 = 0. Calculate the remainder when (-2)/u - (-5)/15*425 is divided by 25.
16
Let h(m) = -1. Let t(k) = -2*k - 6. Let w(x) = 3*h(x) - t(x). Let c be w(-9). Let z = 22 + c. What is the remainder when z is divided by 3?
1
Let a(c) = -19*c + 34. Let u be a(14). Calculate the remainder when 107 is divided by u/(-64)*(-1 - -9).
20
Suppose -3*p + 83 = -j, -181 - 165 = 4*j + 2*p. Let w = 131 + j. Calculate the remainder when w is divided by 30.
15
Let d(g) = -3*g - 14. Let a = 52 - 52. Suppose a = -2*w - 4*w + 12. What is the remainder when w is divided by d(-5)?
0
Suppose 2*n - 12 = 2*j, 4*n - j + 2*j = 44. Suppose 4*d = -2*g - 4, -4*d - d + n = 0. What is the remainder when 7 is divided by -9*g/(-90) + 56/10?
2
Suppose -1638 = -42*s + 165 - 417. Let d = 259 + -163. What is the remainder when d is divided by s?
30
Suppose 0 = 2*v + 515 + 1467. Let b = 998 + v. What is the remainder when 30 is divided by b?
2
Suppose -116*v + 79*v + 4070 = 0. Calculate the remainder when v is divided by 43.
24
Let j(a) = a**3 + 50*a - 171. What is the remainder when j(4) is divided by 218/8 - 3/12?
12
Suppose 29*g - 4*p = 33*g - 648, 2*g - p - 339 = 0. Calculate the remainder when g is divided by 4.
3
Let s(k) = -567*k - 309. What is the remainder when s(-2) is divided by 121?
99
Let d be ((-289)/(-34))/(2/(-4)). Let f(x) = -x**3 - 16*x**2 + 15*x + 3. Calculate the remainder when f(d) is divided by 12.
1
Suppose 5*g + 2*a = 1089, 2*g + 2*a - 461 = -23. Let b = -214 + g. What is the remainder when 3 is divided by b?
0
Let y be (-6)/4*268/(-6). Let c = y + -30. Let n(j) = -j**2 + 15*j - 46. Calculate the remainder when c is divided by n(7).
7
Let y(t) = -t**2 + 12*t - 18. Let p be y(10). Suppose -f + p*c = -0*f - 51, -5*f - c + 200 = 0. Calculate the remainder when 366 is divided by f.
38
Suppose 13012 = 3*y - 4*l, 5*y - 2*l = -3221 + 24931. What is the remainder when y is divided by 9?
6
Let j be (-2)/(((-4)/150)/1). Suppose 2*k + 3*s = 60, 0 = 4*k - 3*s - j - 45. Suppose 110*q + 108*q - 207*q = 121. What is the remainder when k is divided by q?
8
Suppose 9*l - 2*l = -231. Let j = 41 + l. Calculate the remainder when ((-12)/18)/(j/(-636)) is divided by 28.
25
Let c = -344 + 1462. Suppose 15*m - 547 - c = 0. Calculate the remainder when m is divided by 19.
16
What is the remainder when 70 is divided by 27 - (-22 - 44)/22?
10
Let o = -3 + 22. Let x(u) = -u**2 - 8*u + 4. Let k be x(-6). Suppose 0 = -7*d - k + 51. What is the remainder when o is divided by d?
4
Suppose -4*s - 387 = -4*r - 1119, -3*r - 3*s - 579 = 0. Calculate the remainder when ((-7614)/r)/((-2)/(32/(-6))) is divided by 32.
12
What is the remainder when (-2)/(-14) + 7462445/2177 is divided by 143?
139
Let z = 33119 + -31952. What is the remainder when z is divided by 1152?
15
Let d(f) = f**3 - 5*f**2 - 5*f - 4. What is the remainder when d(8) is divided by (675/(-30))/((-21)/28)?
28
Let g(h) = 148*h**2 + 4*h. Suppose 0 = 3*q + 8*q + 11. What is the remainder when g(q) is divided by 69?
6
Let d = -8 + 12. Let a(l) = 56*l**2 - 20*l**2 - 19*l**2 - 15*l - 18*l**2 - 45. Calculate the remainder when a(-10) is divided by d.
1
Let q be (20/(-24))/((-1)/6). Suppose q*y - 390 = 2*x, 0*x = -y + 3*x + 91. Calculate the remainder when y is divided by 13.
11
Let y be (-44)/(-12)*3*-2. Let c be (y/33)/((-22)/(-24) + -1). Suppose -5*d + c = 3*d. Calculate the remainder when 3 is divided by d.
0
Let z(i) = 16*i + 4 - 19*i - 16 + i. Suppose 7*r - 4*r + 39 = 0. Calculate the remainder when 39 is divided by z(r).
11
Let c(i) = -3*i**3 - 6*i**2 - 16*i - 23. Let j be c(-5). Let f = j + -255. What is the remainder when 99 is divided by f?
18
Let r be 2/7 - 14/147*3. What is the remainder when 12 is divided by (r - 7/4)*(-3 + -1)?
5
Let x(m) = -10891*m**3 - m**2 + 2. Let u be x(1). Calculate the remainder when 153 is divided by u/(-138) + 10/115.
74
Let o(j) = -130 + 111*j**2 - j**3 - 49*j - 240*j**2 + 109*j**2. Calculate the remainder when o(-18) is divided by 21.
20
Suppose -212*r + 38151 = -259497. What is the remainder when r is divided by 115?
24
Let r(z) = -z**3 + 25*z**2 + 171*z - 2. Suppose -5*m + 2*x + 145 = 0, m - 5*x + 2*x - 16 = 0. What is the remainder when r(-7) is divided by m?
28
Let o be (0 - (4 + -1))/((-3)/(-4)). Let p = 51 - 29. Calculate the remainder when (-259 - -1)*2/o is divided by p.
19
What is the remainder when 674 is divided by -4 + -3 + (-649)/55*-15?
164
Let h(f) = -2*f**2 + 448*f + 1454. Suppose 4*m = 71 + 25. What is the remainder when h(227) is divided by m?
20
Suppose 7*k - 2*b = 2*k + 12, 2*k - 3*b = -4. Suppose -2*y - 53 = -n, -k*n - 2*y + 86 = -76. What is the remainder when n is divided by 12?
7
Suppose 5*y + a - 37448 = 20540, 4*y - 3*a = 46398. What is the remainder when y is divided by 100?
98
Let u(d) = 512*d**3 - d**2 - 3*d + 9. Let n be u(3). Let f be n/(-30)*4/(-6). Suppose 12*s - f = 221. Calculate the remainder when s is divided by 18.
8
Let v(j) = -3*j + 19. Let r be v(22). Let q = 28 - r. Calculate the remainder when q is divided by 26.
23
Let b = -490 + 720. Suppose -3*u + 165 = 3*s, -25*u = 4*s - 26*u - b. Calculate the remainder when 118 is divided by s.
4
Let v be ((-26 + 2)/(-3))/(3/273). Suppose 16*g + v = 23*g. What is the remainder when g is divided by 15?
14
Let u(p) = 67*p. Let t be u(0). Suppose 38 = v - 2*l, t = -2*v - 5*l + 89 - 4. Calculate the remainder when v is divided by 25.
15
Suppose 13*i + 1119 = 4*x + 14*i, 3*x = -2*i + 838. Suppose 0 = 5*n - 5*z - x, 4*n + 3*z = 8*n - 225. Calculate the remainder when n is divided by 23.
11
Suppose 19 = 2*j - j. Let w(c) = 3*c**2 + 50*c + 338. Calculate the remainder when w(-6) is divided by j.
13
Let 